ase 4) in base 16?
-e4f46
322011312 (base 4) to base 10
237942
Convert -4012837 (base 9) to base 16.
-2091c1
Convert 101100000100100110 (base 2) to base 11.
113698
200001222 (base 3) to base 6
140555
Convert 14c5289 (base 15) to base 10.
15053079
Convert 19da2 (base 16) to base 8.
316642
What is 1006507 (base 9) in base 2?
10000010111010100011
What is -bb9a82 (base 16) in base 8?
-56715202
-31202111 (base 4) to base 3
-2211001112
-111031020013 (base 4) to base 12
-1a40a87
What is -11110011010111000000 (base 2) in base 15?
-14a535
Convert -1922caa (base 14) to base 6.
-1122540554
What is 21362566 (base 7) in base 4?
12332322031
-3c8a06 (base 15) to base 6
-142250453
-1001302200 (base 4) to base 5
-32110342
476955 (base 12) to base 14
21dc89
-524c0 (base 13) to base 9
-245048
Convert 110310434 (base 5) to base 4.
1310322111
-36450 (base 10) to base 2
-1000111001100010
-1aa337a (base 12) to base 4
-111230201032
What is -421664 (base 7) in base 6?
-1320345
What is -36a90 (base 14) in base 2?
-100000101010100110
Convert 10121330432 (base 5) to base 8.
47342244
What is 7062165 (base 8) in base 2?
111000110010001110101
What is -1d84b6 (base 14) in base 2?
-100000010110100100000
Convert -111110121002 (base 3) to base 12.
-109485
What is 547311 (base 11) in base 15?
123c41
Convert -1a6a413 (base 12) to base 15.
-75e296
What is 2355140 (base 6) in base 11?
853a4
What is -434561 (base 9) in base 10?
-259255
What is 413343 (base 8) in base 3?
20221211112
-11a26f (base 16) to base 11
-71a322
7270137 (base 9) to base 13
a5cc79
What is -131130103 (base 5) in base 13?
-197b58
3655023 (base 8) to base 10
1006099
What is 532651 (base 7) in base 5?
10423004
3564 (base 14) to base 16
2454
What is 5b00 (base 14) in base 4?
3320010
What is 151234416 (base 7) in base 14?
1495b7d
135501 (base 8) to base 12
238a9
What is 1011231000033 (base 4) in base 12?
6152293
-47d7e (base 16) to base 12
-122366
1001001000101001001 (base 2) to base 6
10225453
What is -9004c (base 14) in base 5?
-42031222
What is 159f67 (base 16) in base 7?
15021244
244784 (base 9) to base 15
2dc51
Convert -1078232 (base 13) to base 2.
-10011001111100111010011
Convert 222e04 (base 16) to base 2.
1000100010111000000100
Convert -1b378 (base 13) to base 11.
-37086
Convert -1a8a6 (base 14) to base 7.
-400666
-10101100100101101 (base 2) to base 12
-43179
What is 144202222 (base 6) in base 13?
811583
-276231 (base 8) to base 12
-48475
What is -243d (base 16) in base 3?
-110201121
What is 135344556 (base 7) in base 6?
514235530
Convert -131103233 (base 4) to base 5.
-12320142
1a0a02a (base 13) to base 10
8561745
-100609 (base 16) to base 7
-11632402
What is -4bee1 (base 16) in base 6?
-10355505
-84671 (base 11) to base 7
-1022230
-211223130 (base 5) to base 8
-3274343
What is -145021343 (base 6) in base 16?
-2e51bf
1340203032 (base 5) to base 10
3444142
Convert 1bca6c (base 13) to base 14.
1480c0
203002031 (base 5) to base 9
1502304
What is -218337 (base 10) in base 12?
-a6429
What is -131033120 (base 4) in base 8?
-351730
Convert 76819 (base 13) to base 3.
101220012211
8a4a6 (base 11) to base 14
35a7c
Convert 12506200 (base 7) to base 3.
2011011200121
Convert 10011101111111001100 (base 2) to base 15.
cbb11
What is -3501255 (base 6) in base 4?
-223233203
Convert 1012020021022 (base 3) to base 11.
3a3722
-13233202202 (base 4) to base 9
-3733235
233043441 (base 5) to base 12
434734
What is -17943a (base 15) in base 13?
-311281
Convert -484ca (base 16) to base 5.
-33434023
Convert 153799 (base 12) to base 14.
94aa1
What is -4303122232 (base 5) in base 9?
-18001875
What is 1012332203 (base 4) in base 5?
33300343
What is -2a56675 (base 11) in base 2?
-10011111110001110101111
What is -5570b4 (base 13) in base 5?
-1003433141
What is 1100101110011110101010 (base 2) in base 10?
3336106
Convert 101010000100000110 (base 2) to base 5.
21003134
-20430a3 (base 11) to base 8
-15602440
What is -440103423 (base 5) in base 9?
-3472867
11555ba (base 14) to base 13
193924c
Convert -1010111011000001 (base 2) to base 11.
-30680
-180d03 (base 15) to base 9
-2168213
658b16 (base 14) to base 16
3489d0
Convert -3790 (base 14) to base 4.
-2120002
-3a7545 (base 13) to base 9
-2587057
What is ebad3 (base 16) in base 9?
1731160
What is -144433323 (base 5) in base 13?
-214318
Convert 92463 (base 10) to base 4.
112210233
202202210022 (base 3) to base 15
811e5
-1d7d28 (base 15) to base 13
-3b73b9
Convert 111001101111110110 (base 2) to base 3.
110000110112
3535313 (base 6) to base 10
183933
Convert 17760600 (base 8) to base 9.
7780712
What is -101101002010010 (base 3) in base 9?
-11332103
-101031320 (base 4) to base 5
-4224040
Convert -1350a8 (base 12) to base 3.
-121020200202
Convert 233a0 (base 13) to base 4.
33231132
What is 26055200 (base 7) in base 14?
458770
What is 105347057 (base 8) in base 15?
18e96a5
-212335 (base 6) to base 3
-212212212
What is 33644660 (base 7) in base 14?
565c30
What is 303531342 (base 6) in base 16?
4fae2e
What is -132885 (base 9) in base 15?
-18e95
What is -664364 (base 9) in base 16?
-60e4d
What is -3631568 (base 9) in base 11?
-1125791
10212000110 (base 3) to base 14
1d8c4
Convert 143664 (base 10) to base 16.
23130
Convert -63c760 (base 14) to base 5.
-1331022301
-24e0a (base 15) to base 11
-80651
-31221100 (base 7) to base 11
-1534850
What is -4143880 (base 9) in base 16?
-21c84c
What is 124172 (base 11) in base 7?
1444004
What is -2260aa (base 11) in base 9?
-607113
Convert 4a1723 (base 11) to base 4.
3001203301
What is -602201 (base 9) in base 2?
-1010110111001001011
3806364 (base 9) to base 13
576a99
-135086 (base 9) to base 12
-3b873
-b616b4 (base 12) to base 3
-12101112002001
What is 413153 (base 7) in base 8?
212131
Convert 8170 (base 16) to base 5.
2030021
-28422b (base 13) to base 3
-1211210122002
Convert -10000111111111 (base 2) to base 8.
-20777
-31432023 (base 5) to base 11
-170910
Convert 54304665 (base 8) to base 10.
11635125
What is 10211222011 (base 3) in base 2?
10010100000010001
130031331 (base 4) to base 7
660654
135e16 (base 15) to base 3
1202022111110
620201 (base 8) to base 11
12aa6a
1002111013 (base 4) to base 3
111210200111
1132330202 (base 5) to base 6
132100433
What is -13000110213 (base 4) in base 2?
-111000000010100100111
-2359543 (base 11) to base 15
-56360b
What is -65201 (base 15) in base 11?
-1aa258
Convert 504831 (base 11) to base 12.
3317b9
What is -50565126 (base 7) in base 12?
-14b4b30
-97aab (base 15) to base 10
-481661
Convert 35842a (base 15) to base 13.
6b7b1a
122027 (base 9) to base 15
16c54
3012113232 (base 4) to base 2
11000110010111101110
Convert -34145 (base 9) to base 10.
-22721
Convert -42b94a (base 13) to base 3.
-2221122221201
11010001101000001001 (base 2) to base 5
204434013
Convert 85e4 (base 15) to base 5.
1401324
4089b (base 13) to base 8
342014
What is 2326144 (base 8) in base 3?
1012012121212
What is c75758 (base 13) in base 6?
244013352
71b5a (base 12) to base 15
2e024
Convert -3044552 (base 6) to base 12.
-70758
-218573 (base 9) to base 4
-133332102
Convert 4220c5 (base 13) to base 6.
53053201
What is 70104e (base 15) in base 10?
5319074
Convert 615873 (base 9) to base 3.
200112222110
What is -858273 (base 13) in base 4?
-23330130111
Convert 260189 (base 13) to base 16.
df33a
Convert -1118738 (base 9) to base 4.
-2103111131
What is -1ac5be (base 15) in base 5?
-313314204
Convert -79a38a (base 13) to base 5.
-1214104231
-1800b8 (base 12) to base 7
-3345335
Convert 104311023 (base 5) to base 14.
c0b83
Convert -2108 (base 14) to base 6.
-42204
-25b7c4 (base 13) to base 7
-10512455
-250123030 (base 6) to base 11
-2768805
-1012120011100 (base 3) to base 9
-1176140
Convert 150395 (base 10) to base 13.
535bb
27bc9 (base 13) to base 4
102030131
Convert d90385 (base 14) to base 4.
123333202301
Convert 133032011 (base 4) to base 2.
11111001110000101
Convert 2b45ee (base 16) to base 11.
1667767
-9211a2 (base 11) to base 3
-2210012121010
Convert b76820 (base 12) to base 9.
5400546
What is 123311320132 (base 4) in base 2?
11011110101111000011110
What is -1571b5a (base 13) in base 4?
-122101132210
41903 (base 13) to base 2
11100110011001101
Convert 142310344 (base 5) to base 15.
ea8b9
What is -22626212 (base 7) in base 9?
-3663025
Convert 204a7 (base 12) to b